{"id":129,"date":"2025-04-29T21:00:34","date_gmt":"2025-04-29T18:00:34","guid":{"rendered":"https:\/\/kalepanjur.com\/?page_id=129"},"modified":"2025-04-29T21:14:16","modified_gmt":"2025-04-29T18:14:16","slug":"129-2","status":"publish","type":"page","link":"https:\/\/kalepanjur.com\/index.php\/129-2\/","title":{"rendered":"Kalepanjur"},"content":{"rendered":"\n<p>Temelleri 1999 y\u0131l\u0131nda at\u0131lan&nbsp;<strong><strong>Kalepanjur<\/strong> Sistemleri<\/strong>&nbsp;20 y\u0131l\u0131 a\u015fan yolculu\u011funda, geli\u015fmenin, de\u011fi\u015fimin ve kolektif payla\u015f\u0131m ruhundan \u00f6d\u00fcn vermeden devam etmi\u015ftir.<\/p>\n\n\n\n<p><br>Belki de ba\u015far\u0131m\u0131z\u0131n tek ve yegane sebebi de bu. \u00c7\u00fcnk\u00fc biliyoruz ki; ancak bir i\u015fi sevdi\u011finiz zaman o alanda kendinizi daha da geli\u015ftirmek ve daha ba\u015far\u0131l\u0131 olmak i\u00e7in \u00e7al\u0131\u015f\u0131rs\u0131n\u0131z.&nbsp;<strong>Kalepanjur<\/strong>&nbsp;ekibine dahil olan herkes de i\u015fini severek yap\u0131yor ve kendi alanlar\u0131nda geli\u015febilmek i\u00e7in \u00e7aba harc\u0131yor.<\/p>\n\n\n\n<p><br>Yapmaya \u00e7al\u0131\u015ft\u0131\u011f\u0131m\u0131z i\u015fin tahmin edilenin \u00fczerinde zor bir i\u015f oldu\u011funu \u00e7ok iyi biliyoruz. Bir\u00e7ok farkl\u0131 firman\u0131n \u00f6nemli projelerini ayn\u0131 anda y\u00fcr\u00fct\u00fcrken, \u00e7e\u015fitli bir\u00e7ok sorunla kar\u015f\u0131la\u015f\u0131yoruz. Ancak bu sorunlar\u0131n neden \u00e7\u00f6z\u00fclemeyece\u011fine dair bahaneler aramaktansa, bu sorunlar\u0131n nas\u0131l \u00e7\u00f6z\u00fclece\u011fi \u00fczerine yo\u011funla\u015f\u0131yoruz. Bu y\u00fczden de, bu projeleri y\u00fcr\u00fct\u00fcrken &#8220;bahaneler&#8221; de\u011fil &#8220;\u00e7\u00f6z\u00fcmler&#8221; \u00fcretiyoruz.<\/p>\n\n\n\n<p><br>Hizmet verdi\u011finiz sekt\u00f6r her ne olursa olsun, \u00e7al\u0131\u015fma \u015fartlar\u0131n\u0131z ne \u015fekilde d\u00fczenlenirse d\u00fczenlensin; e\u011fer o alanda ba\u015far\u0131l\u0131 olmak istiyorsan\u0131z mutlaka belli programlar \u00e7er\u00e7evesinde disiplinli bir \u015fekilde \u00e7al\u0131\u015f\u0131lmas\u0131 gerekti\u011fine inan\u0131yoruz. \u00dczerinde \u00e7al\u0131\u015ft\u0131\u011f\u0131m\u0131z her proje i\u00e7in i\u015f ak\u0131\u015f\u0131n\u0131 d\u00fczenliyor ve proje ekibine dahil t\u00fcm \u00e7al\u0131\u015fanlar\u0131m\u0131z\u0131n bu s\u00fcrece sad\u0131k kalmas\u0131na \u00f6zen g\u00f6steriyoruz.<\/p>\n\n\n\n<p><strong>Adres<\/strong><br><br><strong><a href=\"https:\/\/www.google.com\/maps\/place\/37%C2%B022'44.3%22N+27%C2%B017'12.5%22E\/@37.3789722,27.2868056,17z\/data=!3m1!4b1!4m4!3m3!8m2!3d37.3789722!4d27.2868056!10m2!1e2!2e10?hl=tr&amp;entry=ttu&amp;g_ep=EgoyMDI1MDQyMy4wIKXMDSoJLDEwMjExNDU1SAFQAw%3D%3D\">Cumhuriyet Caddesi Cumhuriyet Mahallesi 1.Sanayi Sit, 1162. Sokak. No:1\/A, 09270 Didim\/Ayd\u0131n<\/a><\/strong><br><br><br><strong>\u0130leti\u015fime Ge\u00e7in<\/strong><\/p>\n\n\n\n<p>&nbsp;didimkalepanjur@gmail.com<\/p>\n\n\n\n<p><strong><a href=\"http:\/\/wa.me\/905392157042\">Yunus Ko\u00e7<\/a><\/strong><\/p>\n\n\n\n<p><a href=\"tel:05392157042\">05392157042<\/a><\/p>\n\n\n\n<p><br><strong>Hakk\u0131m\u0131zda<\/strong><\/p>\n\n\n\n<p>Temelleri 1999 y\u0131l\u0131nda at\u0131lan Kale Panjur Sistemleri 20 y\u0131l\u0131 a\u015fan yolculu\u011funda, geli\u015fmenin, de\u011fi\u015fimin ve kolektif payla\u015f\u0131m ruhundan \u00f6d\u00fcn vermeden devam etmi\u015ftir.<\/p>\n\n\n\n<p>Yunus Ko\u00e7&nbsp;<\/p>\n","protected":false},"excerpt":{"rendered":"<p>Temelleri 1999 y\u0131l\u0131nda at\u0131lan&nbsp;Kalepanjur Sistemleri&nbsp;20 y\u0131l\u0131 a\u015fan yolculu\u011funda, geli\u015fmenin, de\u011fi\u015fimin ve kolektif payla\u015f\u0131m ruhundan \u00f6d\u00fcn vermeden devam etmi\u015ftir. Belki de ba\u015far\u0131m\u0131z\u0131n tek ve yegane sebebi de bu. \u00c7\u00fcnk\u00fc biliyoruz ki; ancak bir i\u015fi sevdi\u011finiz zaman o alanda kendinizi daha da geli\u015ftirmek ve daha ba\u015far\u0131l\u0131 olmak i\u00e7in \u00e7al\u0131\u015f\u0131rs\u0131n\u0131z.&nbsp;Kalepanjur&nbsp;ekibine dahil olan herkes de i\u015fini severek yap\u0131yor ve [&hellip;]<\/p>\n","protected":false},"author":2,"featured_media":0,"parent":0,"menu_order":0,"comment_status":"closed","ping_status":"closed","template":"","meta":{"footnotes":""},"class_list":["post-129","page","type-page","status-publish","hentry"],"_links":{"self":[{"href":"https:\/\/kalepanjur.com\/index.php\/wp-json\/wp\/v2\/pages\/129","targetHints":{"allow":["GET"]}}],"collection":[{"href":"https:\/\/kalepanjur.com\/index.php\/wp-json\/wp\/v2\/pages"}],"about":[{"href":"https:\/\/kalepanjur.com\/index.php\/wp-json\/wp\/v2\/types\/page"}],"author":[{"embeddable":true,"href":"https:\/\/kalepanjur.com\/index.php\/wp-json\/wp\/v2\/users\/2"}],"replies":[{"embeddable":true,"href":"https:\/\/kalepanjur.com\/index.php\/wp-json\/wp\/v2\/comments?post=129"}],"version-history":[{"count":8,"href":"https:\/\/kalepanjur.com\/index.php\/wp-json\/wp\/v2\/pages\/129\/revisions"}],"predecessor-version":[{"id":139,"href":"https:\/\/kalepanjur.com\/index.php\/wp-json\/wp\/v2\/pages\/129\/revisions\/139"}],"wp:attachment":[{"href":"https:\/\/kalepanjur.com\/index.php\/wp-json\/wp\/v2\/media?parent=129"}],"curies":[{"name":"wp","href":"https:\/\/api.w.org\/{rel}","templated":true}]}}